(u) = u + 30. Give k(-7).
23
Let j(c) = -c**3 - 16*c**2 - 13*c + 11. Determine j(-15).
-19
Let d(f) = f**3 + 5*f**2 - 7*f + 8. Calculate d(-7).
-41
Let c(a) = a**3 - 3*a**2 + 3*a + 1. Determine c(2).
3
Let l(x) = -9*x + 13. Give l(0).
13
Let b(m) = 18*m - 689. Give b(38).
-5
Let j(w) = -w**3 + 56*w**2 + 55*w + 111. Calculate j(57).
-3
Let p(v) = 13*v**2 + 2*v - 3. Calculate p(1).
12
Let y(c) = -c - 2. What is y(6)?
-8
Let c(g) = -g**2 + 3*g + 16. Calculate c(5).
6
Let f(a) = -a**3 - 7*a**2 + 4*a + 20. Calculate f(-6).
-40
Let v(f) = f**3 + 7*f**2 + 6*f - 4. What is v(-4)?
20
Let h(k) = -k**2 + 2*k + 14. Give h(6).
-10
Let u(t) = t**3 - 29*t**2 - 30*t + 2. Determine u(30).
2
Let m(v) = -20*v - 17. Calculate m(7).
-157
Let a(g) = -g**2 - g + 51. Determine a(-9).
-21
Let o(t) = 17*t + 156. Give o(-11).
-31
Let i(y) = -2*y**2 + 20*y + 43. Calculate i(12).
-5
Let r(y) = -3*y**2 + 28*y - 11. Calculate r(11).
-66
Let f(r) = r**2 + 15*r - 71. What is f(-19)?
5
Let a(x) = -x + 15. What is a(6)?
9
Let o(n) = 2*n**2 + n. Calculate o(1).
3
Let a(t) = -2*t**3 + 38*t**2 + 40*t + 3. Give a(20).
3
Let q(r) = -r - 3. What is q(-8)?
5
Let o(v) = -6*v + 47. What is o(12)?
-25
Let b(j) = 12*j - 11. What is b(1)?
1
Let y(v) = v**3 - 34*v**2 + 67*v - 97. Give y(32).
-1
Let s(c) = -43*c + 9. Determine s(0).
9
Let k(b) = 3*b**2 + 58*b + 14. Determine k(-19).
-5
Let c(v) = 3*v + 47. What is c(-11)?
14
Let m(v) = v**2 - 10*v + 45. What is m(14)?
101
Let n(r) = -8*r - 32. What is n(-5)?
8
Let o(a) = -a**2 + 15*a - 14. Calculate o(14).
0
Let h(s) = -s**3 + 4*s**2 - 3*s + 5. Calculate h(4).
-7
Let q(n) = n**3 - 2*n - 4. Give q(0).
-4
Let n(i) = -i**2 + 3*i. Calculate n(5).
-10
Let i(y) = 5*y + 13. What is i(2)?
23
Let l(t) = 5*t - 55. What is l(10)?
-5
Let w(t) = -3*t**3 - 41*t**2 - 20*t + 85. Determine w(-13).
7
Let q(b) = -3*b - 15. Determine q(-7).
6
Let s(b) = -b - 6. Determine s(-2).
-4
Let c(v) = -v + 13. What is c(5)?
8
Let n(b) = b**2 + 3*b - 2. Determine n(1).
2
Let y(g) = -g**3 + 15*g**2 + g + 220. What is y(16)?
-20
Let s(l) = -9*l**2 - 3*l - 2. Determine s(-1).
-8
Let b(j) = -3*j + 44. Give b(16).
-4
Let c(s) = 5*s + 28. Determine c(-5).
3
Let z(x) = x**3 - 9*x**2 + 9*x - 3. Calculate z(8).
5
Let c(t) = t**3 - 8*t**2 + 8*t - 8. Give c(7).
-1
Let d(v) = -11*v**3 + 7*v**2 - 11*v + 6. Determine d(1).
-9
Let w(f) = -f**2 - 17*f - 68. Determine w(-11).
-2
Let r(p) = 7*p + 3. Give r(-3).
-18
Let i(r) = -9*r**2 - 2*r - 3. Give i(-1).
-10
Let c(h) = -h**3 + 9*h**2 - 14*h + 8. Determine c(7).
8
Let v(i) = 3*i**2 - 25*i + 7. What is v(7)?
-21
Let y(t) = -6*t + 62. What is y(15)?
-28
Let m(h) = -2*h + 24. Determine m(11).
2
Let u(o) = -8*o**2 + 2*o - 2. Give u(1).
-8
Let a(i) = 14*i + 38. What is a(-5)?
-32
Let y(u) = u**3 + 18*u**2 + 19*u + 15. Determine y(-17).
-19
Let h(u) = -u + 9. Calculate h(14).
-5
Let m(a) = 2*a**3 + a**2 + 5*a + 7. Calculate m(-3).
-53
Let h(v) = -24*v - 804. What is h(-33)?
-12
Let z(s) = s + 69. What is z(0)?
69
Let d(m) = m**3 + 20*m**2 - 22*m - 13. Give d(-21).
8
Let r(t) = t**2 - 31*t - 163. Calculate r(35).
-23
Let q(k) = k**2 + 9*k - 25. Give q(-13).
27
Let p(s) = -s**2 - 12*s + 7. Calculate p(-12).
7
Let p(v) = -v**3 - 9*v**2 - 10*v - 3. Give p(-9).
87
Let o(h) = -22*h + 35. Calculate o(6).
-97
Let f(o) = -5*o**3 + o**2 + 2*o. What is f(-1)?
4
Let d(q) = q**3 - 4*q**2 + q + 5. Calculate d(3).
-1
Let k(x) = -8*x**2 - x + 2. Calculate k(1).
-7
Let q(j) = j**2 + 3*j - 88. What is q(-11)?
0
Let b(i) = -2*i + 3. Calculate b(2).
-1
Let u(s) = -s**3 + s**2 - 2*s + 2. Determine u(3).
-22
Let x(z) = -19*z - 3. Give x(-2).
35
Let d(y) = 5*y + 35. What is d(-8)?
-5
Let i(g) = g**2 - 5*g + 17. Give i(3).
11
Let w(h) = -h**2 - 42*h - 424. Determine w(-25).
1
Let o(s) = -s**2 + 16*s + 2. Determine o(16).
2
Let h(x) = -2*x - 24. Determine h(-11).
-2
Let g(z) = -z**3 - 3*z**2 + 4*z - 3. Calculate g(2).
-15
Let d(m) = m**3 + 2*m + 7. Calculate d(0).
7
Let r(p) = 6*p + 2. Calculate r(-1).
-4
Let l(c) = c**3 - 6*c**2 - 9*c - 9. What is l(7)?
-23
Let g(t) = 17*t**2 - t - 2. Determine g(-1).
16
Let n(l) = l**3 + 16*l**2 + 27*l - 11. Determine n(-14).
3
Let m(y) = -7*y - 48. Give m(-7).
1
Let m(y) = -y - 6. What is m(0)?
-6
Let k(r) = -14*r**3 + 2*r**2 - 3*r - 4. Determine k(-1).
15
Let m(j) = j**3 + 9*j**2 - 12*j - 25. What is m(-10)?
-5
Let h(k) = -k**2 - k - 4. Calculate h(5).
-34
Let z(g) = 6*g + 9. What is z(-2)?
-3
Let j(d) = -d**2 + 22. Calculate j(-4).
6
Let d(x) = -28*x**3 + 3*x**2 - 2*x - 1. What is d(1)?
-28
Let z(p) = 2*p**3 + 19*p**2 + 12*p + 24. What is z(-9)?
-3
Let o(s) = -17*s. What is o(1)?
-17
Let p(u) = 3*u**2 - 3*u + 2. Give p(-4).
62
Let g(q) = -2*q**2 + 12*q - 1. Determine g(6).
-1
Let g(j) = -j**3 - 6*j**2 - 4*j + 5. Give g(-5).
0
Let u(x) = -25*x - 5. Give u(-2).
45
Let u(h) = -8*h - 19. Determine u(-3).
5
Let y(u) = 22*u + 96. Calculate y(-4).
8
Let g(q) = q**3 + 3*q**2 - 3*q + 8. What is g(-4)?
4
Let l(n) = n**2 + n - 35. Determine l(6).
7
Let y(i) = -i - 2. Determine y(-14).
12
Let i(a) = -5*a + 171. Determine i(32).
11
Let b(z) = 7*z + 164. Give b(-23).
3
Let t(s) = -s - 31. Determine t(-27).
-4
Let l(f) = -f**2 + f + 1. Calculate l(-2).
-5
Let s(o) = -o**3 - 7*o**2 - 3*o + 3. Calculate s(-5).
-32
Let l(q) = -q**2 - 14*q - 16. Calculate l(-12).
8
Let b(v) = 2*v**3 + 12*v**2 + 10*v + 8. Give b(-5).
8
Let i(k) = -k**2 + 11*k - 12. Calculate i(10).
-2
Let r(n) = -6*n + 72. Give r(12).
0
Let x(j) = 3*j + 4. Determine x(-7).
-17
Let u(o) = -o**3 + 19*o**2 + 2*o - 26. Determine u(19).
12
Let u(y) = 3*y + 19. Determine u(9).
46
Let y(d) = d**2 + 3*d - 22. Calculate y(-7).
6
Let g(c) = c**3 - 5*c**2 + c - 4. Calculate g(5).
1
Let t(x) = -x**2 + 2*x - 6. What is t(7)?
-41
Let i(s) = -8*s + 7. Determine i(-3).
31
Let n(a) = a**3 - 7*a**2 + 3*a - 17. Give n(7).
4
Let h(r) = r**2 - 2*r - 9. What is h(10)?
71
Let a(p) = -p**3 + 7*p**2 - 3*p + 22. Determine a(7).
1
Let k(l) = l**2 - 9*l - 1. Determine k(7).
-15
Let u(s) = 5*s**2 - 104*s - 18. Determine u(21).
3
Let r(g) = -3*g**2 + 15*g - 2. Calculate r(5).
-2
Let r(c) = -c + 3. Determine r(-9).
12
Let v(c) = c**2 - 7*c - 72. What is v(12)?
-12
Let u(a) = a**3 + 15*a**2 + 17*a + 10. Give u(-14).
-32
Let q(w) = w**2 + 17*w + 4. What is q(-17)?
4
Let i(s) = 6*s + 4. Determine i(-4).
-20
Let j(p) = -p**3 - p. Give j(-2).
10
Let i(j) = 22*j**2 - 14*j + 1. Give i(1).
9
Let y(h) = h**2 + 9*h + 6. Calculate y(-9).
6
Let s(f) = -f**3 + 8*f**2 + 11*f - 20. What is s(9)?
-2
Let a(n) = 18*n**2 - 2*n + 2. Give a(-3).
170
Let m(g) = -g**2 + 2*g + 1. Give m(3).
-2
Let y(j) = -j**2 + 21*j - 39. Determine y(19).
-1
Let t(l) = -17*l - 133. Calculate t(-8).
3
Let d(i) = -7*i - 1. Determine d(1).
-8
Let b(l) = -l**3 + 21*l**2 + 25*l - 70. Calculate b(22).
-4
Let a(d) = 10*d**2 + d. Determine a(-1).
9
Let i(n) = -n**2 - 3*n + 1. Calculate i(-5).
-9
Let p(l) = -l**2 + l - 3. Give p(4).
-15
Let w(k) = 21*k**3 - 2*k - 1. Give w(-1).
-20
Let t(j) = 6*j + 5. Calculate t(6).
41
Let z(y) = y**2 - 29*y + 168. Determine z(8).
0
Let n(k) = -k**3 + k**2 - 7*k - 8. Give n(-2).
18
Let q(c) = -c**2 + 22*c + 245. What is q(-8)?
5
Let j(n) = -n**2 - 8*n + 6. Determine j(-9).
-3
Let x(l) = -l**3 - 2*l**2 + 3*l - 7. Determine x(-3).
-7
Let r(p) = -p**2 - 8*p - 7. What is r(-7)?
0
Let r(f) = -5*f**2 + 6. Determine r(2).
-14
Let n(t) = -t**3 - 2*t**2 + t + 2. Give n(-2).
0
Let n(k) = -26*k**3 - k**2 - k - 1. Calculate n(-1).
25
Let r(w) = -w**2 - 12*w. Calculate r(-12).
0
Let o(c) = c**2 - 11*c + 14. Give o(12).
26
Let v(d) = d**2 - 19*d - 11. Calculate v(17).
-45
Let y(b) = 2*b**2 + 59*b + 232. Determine y(-25).
7
Let y(m) = 2*m**2 + 48*m - 1. What is y(-24)?
-1
Let t(g) = -7*g - 16. Give t(-7).
33
Let v(t) = 18*t + 97. Give v(-5).
7
Let l(r) = 6*r**3 + r**2 - r. Calculate l(-2).
-42
Let v(j) = -2*j**3 + j**2 - 3*j + 7. What is v(3)?
-47
Let c(m) = 13*m + 63. Determine c(-7).
-28
Let o(y) = -2*y**3 + 2. Determine o(2).
-14
Let x(t) = -18*t - 4. Give x(-1).
14
Let c(t) = 2*t**3 - 3*t**2 - 4*t + 2. Calculate c(3).
17
Let q(a) = -a**3 + 2*a**2 + 12*a - 3. Give q(5).
-18
Let z(j) = j**2 - 10*j + 9. What is z(10)?
9
Let i(p) = -2*p**2 - 7*p - 15. Calculate i(-8).
-87
Let v(w) = -w**3 - 21*w**2 - 25*w - 52. What is v(-20)?
48
Let s(x